 of 1944?
9
What is the thousands digit of 7686?
7
What is the units digit of 5041?
1
What is the units digit of 1549?
9
What is the tens digit of 358?
5
What is the thousands digit of 3628?
3
What is the ten thousands digit of 21158?
2
What is the units digit of 4307?
7
What is the thousands digit of 6051?
6
What is the thousands digit of 6429?
6
What is the tens digit of 1512?
1
What is the units digit of 5374?
4
What is the tens digit of 6387?
8
What is the units digit of 52?
2
What is the thousands digit of 49344?
9
What is the tens digit of 825?
2
What is the tens digit of 4213?
1
What is the hundreds digit of 3920?
9
What is the thousands digit of 35925?
5
What is the hundreds digit of 352?
3
What is the thousands digit of 2138?
2
What is the tens digit of 2192?
9
What is the tens digit of 45?
4
What is the tens digit of 135?
3
What is the hundreds digit of 8743?
7
What is the hundreds digit of 46170?
1
What is the hundreds digit of 80737?
7
What is the thousands digit of 43259?
3
What is the units digit of 109?
9
What is the tens digit of 61274?
7
What is the units digit of 8089?
9
What is the tens digit of 76236?
3
What is the thousands digit of 1291?
1
What is the tens digit of 771?
7
What is the tens digit of 1226?
2
What is the thousands digit of 15837?
5
What is the hundreds digit of 2208?
2
What is the hundreds digit of 307?
3
What is the tens digit of 1252?
5
What is the units digit of 1944?
4
What is the hundreds digit of 8231?
2
What is the units digit of 90?
0
What is the thousands digit of 19349?
9
What is the tens digit of 18872?
7
What is the units digit of 789?
9
What is the ten thousands digit of 27200?
2
What is the thousands digit of 10592?
0
What is the ten thousands digit of 15325?
1
What is the hundreds digit of 4869?
8
What is the units digit of 1718?
8
What is the units digit of 2926?
6
What is the ten thousands digit of 21211?
2
What is the hundreds digit of 128?
1
What is the thousands digit of 1101?
1
What is the tens digit of 6220?
2
What is the hundreds digit of 426?
4
What is the tens digit of 566?
6
What is the tens digit of 4075?
7
What is the hundreds digit of 5725?
7
What is the units digit of 2447?
7
What is the hundreds digit of 145?
1
What is the hundreds digit of 5958?
9
What is the hundreds digit of 6087?
0
What is the ten thousands digit of 29141?
2
What is the thousands digit of 4021?
4
What is the tens digit of 76278?
7
What is the hundreds digit of 280?
2
What is the hundreds digit of 18613?
6
What is the units digit of 28503?
3
What is the thousands digit of 1594?
1
What is the units digit of 7388?
8
What is the units digit of 638?
8
What is the thousands digit of 8216?
8
What is the thousands digit of 13115?
3
What is the units digit of 38920?
0
What is the hundreds digit of 672?
6
What is the thousands digit of 19629?
9
What is the hundreds digit of 5056?
0
What is the hundreds digit of 1964?
9
What is the units digit of 212?
2
What is the units digit of 2062?
2
What is the hundreds digit of 52313?
3
What is the units digit of 6910?
0
What is the hundreds digit of 1152?
1
What is the tens digit of 2068?
6
What is the hundreds digit of 423?
4
What is the hundreds digit of 4920?
9
What is the thousands digit of 128498?
8
What is the units digit of 5745?
5
What is the hundreds digit of 4801?
8
What is the tens digit of 2022?
2
What is the hundreds digit of 6713?
7
What is the hundreds digit of 34462?
4
What is the hundreds digit of 46693?
6
What is the tens digit of 74689?
8
What is the tens digit of 174?
7
What is the tens digit of 185120?
2
What is the thousands digit of 1975?
1
What is the hundreds digit of 8812?
8
What is the hundreds digit of 45381?
3
What is the hundreds digit of 6068?
0
What is the units digit of 1395?
5
What is the thousands digit of 116702?
6
What is the units digit of 10559?
9
What is the hundreds digit of 3456?
4
What is the units digit of 74?
4
What is the hundreds digit of 131853?
8
What is the thousands digit of 7172?
7
What is the units digit of 678?
8
What is the tens digit of 66499?
9
What is the units digit of 142831?
1
What is the hundreds digit of 34491?
4
What is the units digit of 42?
2
What is the tens digit of 1818?
1
What is the units digit of 1551?
1
What is the tens digit of 6964?
6
What is the hundreds digit of 15716?
7
What is the units digit of 123146?
6
What is the tens digit of 273?
7
What is the hundreds digit of 3498?
4
What is the units digit of 1094?
4
What is the units digit of 3148?
8
What is the ten thousands digit of 56211?
5
What is the thousands digit of 19486?
9
What is the hundreds digit of 2692?
6
What is the hundreds digit of 41214?
2
What is the tens digit of 48063?
6
What is the tens digit of 994?
9
What is the hundreds digit of 685?
6
What is the tens digit of 11906?
0
What is the tens digit of 3274?
7
What is the ten thousands digit of 41290?
4
What is the units digit of 656?
6
What is the tens digit of 497?
9
What is the hundreds digit of 535?
5
What is the hundreds digit of 488?
4
What is the ten thousands digit of 170763?
7
What is the thousands digit of 2102?
2
What is the units digit of 1050?
0
What is the hundreds digit of 1090?
0
What is the hundreds digit of 17559?
5
What is the thousands digit of 7548?
7
What is the units digit of 568?
8
What is the units digit of 305?
5
What is the tens digit of 2068?
6
What is the units digit of 4162?
2
What is the hundreds digit of 13323?
3
What is the thousands digit of 24151?
4
What is the tens digit of 7121?
2
What is the hundreds digit of 3001?
0
What is the tens digit of 6809?
0
What is the tens digit of 850?
5
What is the tens digit of 158968?
6
What is the ten thousands digit of 10959?
1
What is the tens digit of 92769?
6
What is the thousands digit of 5124?
5
What is the units digit of 63021?
1
What is the thousands digit of 2490?
2
What is the thousands digit of 1205?
1
What is the hundreds digit of 79246?
2
What is the tens digit of 394?
9
What is the tens digit of 234?
3
What is the tens digit of 93496?
9
What is the hundreds digit of 27307?
3
What is the units digit of 317?
7
What is the thousands digit of 2010?
2
What is the thousands digit of 42265?
2
What is the tens digit of 10865?
6
What is the thousands digit of 4460?
4
What is the units digit of 38673?
3
What is the hundreds digit of 1570?
5
What is the tens digit of 386?
8
What is the hundreds digit of 907?
9
What is the hundreds digit of 28739?
7
What is the units digit of 32846?
6
What is the units digit of 3687?
7
What is the tens digit of 8811?
1
What is the thousands digit of 27725?
7
What is the units digit of 2893?
3
What is the ten thousands digit of 21608?
2
What is the hundreds digit of 2115?
1
What is the ten thousands digit of 51907?
5
What is the thousands digit of 1645?
1
What is the tens digit of 295?
9
What is the hundreds digit of 569?
5
What is the thousands digit of 2237?
2
What is the hundreds digit of 1422?
4
What is the units digit of 8437?
7
What is the tens digit of 12855?
5
What is the hundred thousands digit of 106916?
1
What is the hundreds digit of 10756?
7
What is the hundreds digit of 37348?
3
What is the thousands digit of 1282?
1
What is the ten thousands digit of 30276?
3
What is the hundreds digit of 783?
7
What is the units digit of 3719?
9
What is the tens digit of 982?
8
What is the hundreds digit of 1851?
8
What is the ten thousands digit of 64811?
6
What is the thousands digit of 1900?
1
What is the tens digit of 11884?
8
What is the units digit of 1310?
0
What is the thousands digit of 101270?
1
What is the thousands digit of 1239?
1
What is the ten thousands digit of 33067?
3
What is the units digit of 8807?
7
What is the units digit of 3402?
2
What is the tens digit of 13852?
5
What is the tens digit of 2270?
7
What is the hundreds digit of 1531?
5
What is the hundreds digit of 40967?
9
What is the thousands digit of 61857?
1
What is the hundreds digit of 124815?
8
What is the units digit of 2242?
2
What is the units digit of 36427?
7
What is the tens digit of 78?
7
What is the hundreds digit of 372?
3
What is the thousands digit of 4906?
4
What is the tens digit of 35570?
7
What is the units digit of 27260?
0
What is the thousands digit of 2609?
2
What is the hundreds 